 1023110 (base 4) to base 11.
3692
What is -420a (base 12) in base 10?
-7210
Convert 200011 (base 3) to base 9.
604
Convert -2227 (base 14) to base 3.
-22010002
What is -357 (base 11) in base 3?
-120202
What is -10322 (base 4) in base 13?
-1b2
What is -1006 (base 8) in base 9?
-635
Convert 11435 (base 9) to base 8.
16736
Convert 575 (base 8) to base 12.
279
-2224423 (base 5) to base 16
-99c3
What is -4907 (base 10) in base 8?
-11453
-101120012 (base 3) to base 8
-17024
What is 344445 (base 6) in base 4?
13031231
Convert -2127a (base 11) to base 10.
-30942
Convert -668 (base 10) to base 16.
-29c
-705e (base 15) to base 10
-23714
-46 (base 16) to base 8
-106
-55158 (base 10) to base 12
-27b06
-1658 (base 9) to base 10
-1268
Convert 462 (base 7) to base 15.
110
Convert 22471 (base 8) to base 3.
111001221
What is -11100011100 (base 2) in base 10?
-1820
What is -2024 (base 5) in base 16?
-108
Convert ba (base 14) to base 4.
2210
What is 8db9 (base 15) in base 9?
45253
What is 10230331 (base 4) in base 7?
110104
Convert 16802 (base 10) to base 14.
61a2
24b (base 15) to base 3
201022
What is -122400 (base 6) in base 2?
-10101011000000
Convert 2011 (base 3) to base 14.
42
Convert -10010110000 (base 2) to base 9.
-1573
2e1 (base 16) to base 7
2102
Convert 8a5 (base 12) to base 10.
1277
What is 2240 (base 7) in base 3?
1010002
What is 1388 (base 14) in base 11?
2659
-3222233 (base 4) to base 13
-6ab8
-1b8 (base 14) to base 16
-166
-20a7 (base 12) to base 16
-dff
3b6 (base 13) to base 16
290
What is 112221 (base 3) in base 5?
3103
-120221221 (base 3) to base 5
-333020
18168 (base 10) to base 4
10123320
251 (base 11) to base 9
361
32050 (base 8) to base 6
141452
Convert -5340 (base 7) to base 11.
-1469
-4243 (base 5) to base 8
-1075
What is 1141 (base 7) in base 14?
221
-679 (base 13) to base 16
-45a
Convert -3ac6 (base 13) to base 10.
-8443
Convert 110020 (base 3) to base 15.
170
-138562 (base 9) to base 12
-41255
Convert 277 (base 9) to base 12.
174
Convert 14134 (base 7) to base 11.
2988
-40534 (base 6) to base 2
-1010100001010
-3004 (base 6) to base 2
-1010001100
16cc (base 15) to base 12
2a19
Convert 2313 (base 5) to base 14.
19b
What is 22132 (base 4) in base 6?
3034
-1020112 (base 3) to base 14
-489
What is 5036 (base 7) in base 8?
3316
-452 (base 7) to base 2
-11101001
What is 54b (base 14) in base 11?
872
What is -688 (base 10) in base 14?
-372
1021014 (base 5) to base 7
100406
Convert 5c0 (base 13) to base 3.
1101002
Convert -2303 (base 7) to base 13.
-4c4
Convert -10550 (base 7) to base 2.
-101001111001
What is -570 (base 8) in base 5?
-3001
-122 (base 4) to base 12
-22
Convert -16e7 (base 15) to base 5.
-124232
Convert -618 (base 12) to base 5.
-12014
-12404 (base 5) to base 12
-697
5631 (base 10) to base 13
2742
What is 1435 (base 9) in base 12?
765
What is 1312202 (base 4) in base 14?
2a9c
-1152 (base 11) to base 16
-5e5
Convert 1360 (base 7) to base 5.
4112
Convert 10010000111 (base 2) to base 13.
6b2
Convert -51010 (base 6) to base 4.
-1220232
Convert a706 (base 11) to base 10.
14163
What is 15321 (base 6) in base 8?
4701
10122 (base 5) to base 6
3022
Convert -14b1 (base 12) to base 11.
-1916
Convert -101101100 (base 2) to base 6.
-1404
-463 (base 14) to base 11
-722
What is -1101201 (base 3) in base 14?
-52a
-311402 (base 6) to base 16
-619a
11111100 (base 2) to base 6
1100
Convert 16267 (base 8) to base 6.
54011
Convert -44361 (base 7) to base 4.
-2232132
What is 679 (base 15) in base 13?
888
Convert 20 (base 5) to base 4.
22
-66615 (base 8) to base 16
-6d8d
What is -1133330 (base 4) in base 14?
-2348
What is -354 (base 7) in base 4?
-2322
Convert -216332 (base 7) to base 16.
-9563
-284c (base 13) to base 15
-1ac5
Convert 3343 (base 6) to base 14.
3dd
-33b0 (base 12) to base 16
-1674
Convert -8c0 (base 13) to base 8.
-2744
Convert 156 (base 13) to base 3.
22220
1ac (base 16) to base 3
120212
Convert -1036 (base 11) to base 7.
-3665
Convert 893 (base 14) to base 16.
6a1
Convert -2022020200 (base 3) to base 13.
-17868
Convert 101010010101100 (base 2) to base 8.
52254
Convert 1b52 (base 12) to base 9.
4558
111133223 (base 4) to base 8
253753
What is -210403 (base 5) in base 15?
-2103
Convert 4210 (base 5) to base 7.
1422
-5524 (base 12) to base 13
-4372
What is 15552 (base 6) in base 7?
10355
Convert -429 (base 11) to base 14.
-28b
What is -2c (base 16) in base 14?
-32
Convert 253 (base 6) to base 8.
151
-a96 (base 13) to base 11
-13a9
Convert 3251 (base 6) to base 16.
2ef
-210012 (base 3) to base 11
-480
-45221 (base 7) to base 12
-6748
Convert 2448 (base 10) to base 6.
15200
Convert 223633 (base 7) to base 6.
504031
184d (base 14) to base 8
10435
Convert 201330 (base 4) to base 9.
2873
What is 5350 (base 8) in base 9?
3742
Convert -515 (base 13) to base 9.
-1158
Convert -ccf (base 16) to base 9.
-4443
-183c (base 16) to base 15
-1c89
Convert -57b (base 15) to base 2.
-10011011001
What is -12001102 (base 3) in base 7?
-13511
What is -c52 (base 15) in base 13?
-1358
What is 1444 (base 5) in base 8?
371
Convert -110111010101010 (base 2) to base 9.
-42767
f49 (base 16) to base 11
2a38
-184 (base 15) to base 3
-110221
-131130 (base 6) to base 2
-10111010011110
What is -3004 (base 6) in base 14?
-348
1011011101001100 (base 2) to base 11
32289
What is -731 (base 11) in base 6?
-4025
What is -1023133 (base 4) in base 13?
-2278
2888 (base 9) to base 14
b22
Convert 225b (base 15) to base 3.
100222212
What is 675 (base 12) in base 14?
4c1
What is 101020120 (base 3) in base 6?
54323
-87451 (base 10) to base 16
-1559b
Convert 2202112 (base 5) to base 7.
215103
What is -a05 (base 13) in base 15?
-780
Convert -1000001001010 (base 2) to base 10.
-4170
Convert -11088 (base 10) to base 11.
-8370
Convert 2132013 (base 4) to base 5.
310434
1112222122 (base 3) to base 5
1434413
Convert -43c8 (base 15) to base 7.
-56606
What is -22264 (base 12) in base 7?
-246022
Convert 53 (base 10) to base 13.
41
Convert -14052 (base 7) to base 12.
-2256
Convert 1181 (base 14) to base 11.
2326
What is 516 (base 11) in base 7?
1546
What is 111 (base 4) in base 15?
16
Convert -223 (base 4) to base 9.
-47
Convert 9a09 (base 14) to base 8.
64051
-177 (base 8) to base 11
-106
Convert 1463 (base 9) to base 14.
594
Convert 2982 (base 12) to base 2.
1001011110010
Convert -2404 (base 11) to base 16.
-c4e
What is -4793 (base 11) in base 2?
-1100010000001
Convert -9791 (base 10) to base 15.
-2d7b
Convert 1d498 (base 14) to base 12.
374a6
-171 (base 16) to base 7
-1035
101020 (base 3) to base 6
1140
Convert -1256 (base 7) to base 14.
-266
21010 (base 3) to base 2
11000000
What is 2001122110 (base 3) in base 14?
10ad8
What is 3305 (base 9) in base 10?
2435
Convert -376d (base 16) to base 13.
-65c6
5203 (base 6) to base 8
2203
Convert -2132 (base 6) to base 16.
-1e8
-101110101 (base 2) to base 13
-229
What is 330331 (base 4) in base 9?
5314
-2400 (base 6) to base 7
-1452
-17a7 (base 14) to base 16
-10a7
What is -121201200 (base 3) in base 6?
-132243
Convert 12cb (base 14) to base 16.
cf3
-1243c (base 13) to base 2
-1000001110010010
10053 (base 7) to base 4
212013
Convert 179b2 (base 12) to base 16.
85d6
What is 514 (base 6) in base 8?
276
Convert 10372 (base 11) to base 6.
153455
2336 (base 8) to base 4
103132
406 (base 9) to base 3
110020
What is 13120 (base 10) in base 12?
7714
What is -1103230 (base 4) in base 16?
-14ec
12134 (base 6) to base 16
6fa
111111110111100 (base 2) to base 16
7fbc
-422314 (base 5) to base 8
-33404
-32048 (base 9) to base 16
-52c1
Convert 2213 (base 8) to base 9.
1532
-383 (base 11) to base 4
-13012
1482 (base 15) to base 7
15551
What is -2860 (base 10) in base 2?
-101100101100
What is -1500 (base 8) in base 5?
-11312
Convert 4213 (base 5) to base 14.
2bc
-102110 (base 3) to base 13
-1aa
Convert 23 (base 8) to base 7.
25
Convert -7757 (base 12) to base 10.
-13171
-ca3 (base 14) to base 6
-15315
Convert -42 (base 9) to base 6.
-102
Convert 79531 (base 10) to base 7.
450604
-16679 (base 10) to base 2
-100000100100111
What is 130323 (base 4) in base 10?
1851
Convert -964 (base 14) to base 2.
-11100111100
-890 (base 16) to base 14
-b28
What is -63320 (base 7) in base 12?
-9038
73 (base 8) to base 9
65
-353 (base 15) to base 6
-3253
Convert -295 (base 14) to ba